eds digit of p(s)?
7
Let o = -1728 - -2368. What is the hundreds digit of o?
6
Suppose 11*a = 139 + 301. What is the tens digit of (274850/a)/23 + 2/8?
9
Let x = 31 - 27. Suppose -2*s + 528 = -2*u, x*s - 773 = 3*u + 282. What is the tens digit of s?
6
Suppose 2*j = -5*g + 9146 + 8040, 3430 = g - 2*j. Suppose g = 16*r - 356. What is the tens digit of r?
3
Suppose 137 = -3*q - 5*i - 189, q - 2*i + 105 = 0. Let u be 4238/13 - (-2 - -2). Let n = u + q. What is the tens digit of n?
1
Let a(y) = -16*y - 195. Let g be a(-13). Suppose -g*l = 19*l - 8832. What is the hundreds digit of l?
2
Let k(q) be the first derivative of 5*q**2/2 + 3*q - 11. Let i be k(8). Suppose -i - 100 = -h. What is the hundreds digit of h?
1
Let a be 4*24 + 3 + 0 + -4. Let t = a + -49. Suppose -k - 144 = -2*i - 4*k, i - 5*k = t. What is the tens digit of i?
6
Let f = 68550 + -30577. What is the thousands digit of f?
7
Let u be 7 - (28/4 + -3). Suppose 0*c + c = 3*k, -u*c + 3*k - 18 = 0. What is the units digit of c/(27/(-6)) - -1?
3
Suppose -3*u - 18 = 5*a, 5*u - 2 = 2*a - 5*a. Suppose 8 = -4*y, -z + 1876 = -3*z - 5*y. What is the hundreds digit of (-2)/a - 2*z/18?
1
Suppose -2*b - 38 = -42. Suppose 8 = -2*i, b*s - i = -2*s + 104. What is the tens digit of s?
2
Let r(l) = -64*l - 443. Let t be r(-7). Suppose 2110 + 2316 = 5*z + h, -t*z - 2*h = -4427. What is the hundreds digit of z?
8
Let p(j) = -j**3 + 5*j**2 + 6*j + 2. Let n be p(6). Suppose 3*u + n*x = 1064, 2*x = 12*u - 13*u + 348. What is the hundreds digit of u?
3
Let t(z) = 1987*z**2 + 167*z + 53. What is the ten thousands digit of t(5)?
5
Let h(l) = 2*l - 24. Let t be h(10). Let j be (3 - 22/t)*2*1. Let b(u) = 4*u - 40. What is the tens digit of b(j)?
2
Let v = 80 + -76. What is the tens digit of v/(-18) + 5*(-96547)/(-495)?
7
Suppose -84*n + 89*n = -4*m + 308773, -77172 = -m + 3*n. What is the thousands digit of m?
7
Suppose -23*h - 72 = 89. What is the tens digit of (6/h)/(65515/8190 - 8)?
0
Suppose 2*t = 3*n - 41839, 4*n = -2*t + 4*t + 55782. What is the thousands digit of n?
3
Let q(v) = -v**2 - 10*v - 4. Let a be q(-7). Suppose -132 = -a*b + 412. What is the units digit of b?
2
Let r(d) = 18*d**2 - 56*d + 1064. What is the units digit of r(52)?
4
Let c = -8386 + 16517. What is the hundreds digit of c?
1
Suppose -l = -8*l. Suppose -2*h = 3*v - 13, 5*h = -4*v + 22 - l. What is the units digit of (h/(-4))/(3/(-150))?
5
Suppose -4*w - 1457 = t, -5*w + 6*t = 2*t + 1816. Let a be w/(-6) - (8/(-6))/(-2). Let c = a - -176. What is the hundreds digit of c?
2
Suppose 0 = -2*v + 3*v - 3. Suppose -v*k - 115 = -8*k. Let i = k - -44. What is the tens digit of i?
6
Let f = 28 - -6105. What is the tens digit of f?
3
What is the tens digit of ((-9493)/(10/20*-2))/1?
9
Suppose -104*f + 260098 = -32*f + 22*f. What is the tens digit of f?
6
Suppose 14*b - 1496 = -26. Let a be (-30)/(-14) + (-15)/b. Suppose a*d - 732 = -d. What is the units digit of d?
4
Let r(b) = 29*b - 158. Let t be r(6). Suppose -j + 1157 = 5*u, 4*j = -t*u + 14*u + 4610. What is the thousands digit of j?
1
Let d(z) = 3*z**3 - 7*z**2 - 9*z + 12*z + z. Let w be 56/12 + 3/9. What is the tens digit of d(w)?
2
Suppose -78*m + 86*m + 1264 = 0. Let x = -26 - m. What is the hundreds digit of x?
1
Let y(j) = -16*j - 14*j - 53 - 20*j + 60*j. What is the units digit of y(33)?
7
Let g be (-2)/(((-8)/52)/(-1)). Let q(s) be the first derivative of -s**2 + 17*s + 3. What is the units digit of q(g)?
3
Suppose -2*c + c = 4. Suppose 20*v - 22*v = q + 4474, -12 = 3*q. What is the units digit of (v/30)/(2/c)?
9
Let s = -264 + 189. What is the units digit of 3044/6 + 25/s?
7
Let v(j) = 43*j**3 + 7*j**2 - 5*j + 66. What is the units digit of v(8)?
0
Let d(u) = 8*u**2 - 45 - 5*u + 6*u**3 - 7*u**3 + 33. Let q be d(7). Suppose -q*m + 0 = -224. What is the units digit of m?
2
Let h = 30618 + -5964. What is the ten thousands digit of h?
2
Suppose i = 5*i - 852. Let g = i + 28. What is the tens digit of g?
4
What is the hundreds digit of 4*(-1802242)/208*-2?
3
What is the thousands digit of 112/(-32)*2*(-553 + -2)?
3
Suppose -32*g = -33*g + 13374. Suppose -17406 = -38*u + g. What is the hundreds digit of u?
8
Let s = 24364 - -4207. What is the thousands digit of s?
8
Suppose 2*j = q + 27892 + 100972, 9*j = 3*q + 579897. What is the hundreds digit of j?
4
Suppose -6*r + 3*r = -1998. Suppose -4*g - 3*a - r = -7*g, -4*g - 3*a = -874. Suppose 5*l - p = 1030 - g, -2*l + 341 = 3*p. What is the units digit of l?
3
Let m be 1384/(-10) - (-2)/(-5)*-1. Let u = m - -186. What is the tens digit of u?
4
Let f(h) = h**2 - 6*h - 7. Let a = -413 + 403. What is the tens digit of f(a)?
5
Suppose 82722 = 4*u - 68476 + 2306. What is the ten thousands digit of u?
3
Suppose m + 464 = 467. Suppose -m*f + 0*f - 5*w = -3240, -5*f + 5400 = -w. What is the hundreds digit of f?
0
Suppose -11*j + 29*j = 5*j + 50752. What is the thousands digit of j?
3
Let g = 155 + -99. Suppose -854 = -7*n - g. What is the hundreds digit of n?
1
Let h(d) = 1539*d + 285. What is the units digit of h(23)?
2
Let h(j) = -3*j**2 - 147*j + 5. Let p be h(-49). Suppose -4*r - 194 = -3*d - 1998, -d = -p*r + 2255. What is the tens digit of r?
5
Suppose -9 = 2*b - 3*b. Suppose b*k = 5*k + 1688. What is the units digit of k?
2
Let t(n) = 45*n**2 + 65*n + 5. Let h be t(-9). Suppose 19*j - 640 = h. What is the hundreds digit of j?
1
Let k(t) = -t**3 - 47*t**2 + 292*t - 221. What is the thousands digit of k(-62)?
9
Suppose -304 + 294 = -2*n. Suppose -5*t + 7253 = -5*p + 2*p, -n*p + 2926 = 2*t. What is the thousands digit of t?
1
Suppose -2*z + 30 = z. Suppose 2*l - 5*j = 28, z*j - 8*j = 0. What is the tens digit of l?
1
Let x(u) = u**3 - 4*u**2 - 6*u + 6. Let m be x(4). Let h = m - -43. What is the tens digit of h - -7 - (0 - -2)/(-2)?
3
Let s = 86930 + -40585. What is the ten thousands digit of s?
4
Let q = 6494 - 1004. What is the tens digit of q?
9
Let n = 58 - 50. Let i be (n/(-3))/(4/(-13692)). What is the units digit of i/182 - 2/13?
0
Let z = -8 - -12. Suppose -f + 3 = -0*r + r, -f = 0. Suppose r*c - 291 = -4*x, -2*c + 114 + 60 = -z*x. What is the units digit of c?
3
Let f be 2 - 328/(-6) - 3/(-9). Let c = f + 143. Suppose -3*a - 2*p + c = 0, 4*a - p = -3*p + 266. What is the units digit of a?
6
Suppose -3*x + 37035 + 40054 = -56657. What is the hundreds digit of x?
5
Let n = 12547 + -9873. What is the tens digit of n?
7
What is the thousands digit of (4501/(-35) + 3 + 5)/(2/(-30))?
1
Suppose 5*y + 4*u = -100, -5*u - 139 = -2*y - 146. What is the hundreds digit of (-1)/((-2)/(-191))*y?
5
Let z(k) = 3*k**2 - 3*k + 3 - k**3 + 5*k + 24*k - 5*k + 1. What is the hundreds digit of z(-9)?
7
Let z(w) = -w**3 - 5*w**2 - w. Let u be z(-12). Suppose 0 = -9*i - 21*i + u. What is the tens digit of i?
3
Let p(v) = -v**3 - 3*v**2 + 8*v + 18. Let l be p(-4). What is the hundreds digit of (l*397)/(-14 + 16)?
3
Let m(w) = -2583*w - 8848. What is the hundreds digit of m(-10)?
9
What is the hundreds digit of (512/576)/(4/43614)?
6
Suppose 5*o + 2*y = 5*y + 32013, -25612 = -4*o + 2*y. What is the units digit of o?
5
Let l(s) = -s**3 - 8*s**2 - 18*s - 12. Let z be l(-5). Suppose 0 = 4*n + z*o - 941, -427 = -5*n + 2*o + 732. What is the tens digit of n?
3
What is the thousands digit of (16/88 - 7758/(-44))*(-966)/(-21)?
8
Let f be -5*(215/(-25) - -8). Suppose 4*s + f*y - 4786 = 0, 3587 = 3*s + 6*y - 5*y. What is the thousands digit of s?
1
Let i(t) = -5*t. Let y be i(-2). Let o(v) = -v - 3. Let l be o(-1). What is the tens digit of l + 23 + (-10)/y?
2
Let q(j) = j**3 - 3*j**2 + 4*j - 30. Let d be q(4). Suppose -5*g + d*f = -0*f - 7312, -3*f = -5*g + 7313. What is the hundreds digit of g?
4
Let z = -320 - -325. Let k(m) = 37*m**2 - 8*m + 1. What is the tens digit of k(z)?
8
Suppose 28*i = 19717 + 9263. Suppose 0*k - 4*a = -k + i, 0 = 3*a + 12. What is the tens digit of k?
1
Let p(d) = 158*d**2 + d - 4. Let z be p(2). Let j = 1053 - z. What is the hundreds digit of j?
4
Let s(c) = -5*c**3 - 4*c**2 + 4*c - 3. Let t = -103 + 97. Let m(i) = i**3 + 6*i**2 + 3*i + 14. Let k be m(t). What is the hundreds digit of s(k)?
2
Let o = 4380 - -893. What is the hundreds digit of o?
2
Let n = -898 + -933. Let j = n + 2627. What is the units digit of j?
6
Suppose -3*x + 6 = -9. L